{"id":13,"date":"2025-11-26T16:04:25","date_gmt":"2025-11-26T22:04:25","guid":{"rendered":"https:\/\/vinicolaelaguaje.directorio-comercial.com\/?page_id=13"},"modified":"2025-12-10T14:42:41","modified_gmt":"2025-12-10T20:42:41","slug":"inicio","status":"publish","type":"page","link":"https:\/\/vinicolaelaguaje.directorio-comercial.com\/","title":{"rendered":"Inicio"},"content":{"rendered":"\n<div class=\"wp-block-columns is-layout-flex wp-container-core-columns-is-layout-28f84493 wp-block-columns-is-layout-flex\">\n<div class=\"wp-block-column is-layout-flow wp-block-column-is-layout-flow\" style=\"flex-basis:2%\"><\/div>\n\n\n\n<div class=\"wp-block-column is-layout-flow wp-block-column-is-layout-flow\" style=\"flex-basis:96%\">\n<div class=\"wp-block-group is-content-justification-center is-nowrap is-layout-flex wp-container-core-group-is-layout-23441af8 wp-block-group-is-layout-flex\">\n<img loading=\"lazy\" decoding=\"async\" width=\"1319\" height=\"847\" data-media-id=\"46\" class=\"gb-media-474355ad\" alt=\"\" src=\"https:\/\/vinicolaelaguaje.directorio-comercial.com\/wp-content\/uploads\/2025\/11\/poster.jpg\" srcset=\"https:\/\/vinicolaelaguaje.directorio-comercial.com\/wp-content\/uploads\/2025\/11\/poster.jpg 1319w, https:\/\/vinicolaelaguaje.directorio-comercial.com\/wp-content\/uploads\/2025\/11\/poster-300x193.jpg 300w, https:\/\/vinicolaelaguaje.directorio-comercial.com\/wp-content\/uploads\/2025\/11\/poster-1024x658.jpg 1024w, https:\/\/vinicolaelaguaje.directorio-comercial.com\/wp-content\/uploads\/2025\/11\/poster-768x493.jpg 768w\" sizes=\"auto, (max-width: 1319px) 100vw, 1319px\" \/>\n<\/div>\n<\/div>\n\n\n\n<div class=\"wp-block-column is-layout-flow wp-block-column-is-layout-flow\" style=\"flex-basis:2%\"><\/div>\n<\/div>\n\n\n\n<div class=\"wp-block-group has-global-padding is-layout-constrained wp-block-group-is-layout-constrained\">\n<div class=\"wp-block-group is-vertical is-content-justification-center is-layout-flex wp-container-core-group-is-layout-ce155fab wp-block-group-is-layout-flex\">\n<figure class=\"wp-block-image size-full\"><img loading=\"lazy\" decoding=\"async\" width=\"600\" height=\"229\" src=\"https:\/\/vinicolaelaguaje.directorio-comercial.com\/wp-content\/uploads\/2025\/11\/Titulo.png\" alt=\"\" class=\"wp-image-44\" srcset=\"https:\/\/vinicolaelaguaje.directorio-comercial.com\/wp-content\/uploads\/2025\/11\/Titulo.png 600w, https:\/\/vinicolaelaguaje.directorio-comercial.com\/wp-content\/uploads\/2025\/11\/Titulo-300x115.png 300w\" sizes=\"auto, (max-width: 600px) 100vw, 600px\" \/><\/figure>\n\n\n\n<p class=\"gb-text gb-text-f59fc830\">En Vin\u00edcola El Aguaje cada botella cuenta una historia \u00fanica, desde la tierra donde crece la vid hasta el cuidado artesanal que dedicamos a cada cosecha. Sum\u00e9rgete en nuestra pasi\u00f3n por el vino y d\u00e9janos llevar tu paladar a un viaje inolvidable a trav\u00e9s de la excelencia enol\u00f3gica.<\/p>\n\n\n\n<p class=\"gb-text gb-text-e73b2b37\">Desde su inicio en 2012, Vin\u00edcola El Aguaje se ha dedicado a la creaci\u00f3n de vinos excepcionales mediante un proceso de elaboraci\u00f3n meticuloso, donde la armon\u00eda y el equilibrio son valores primordiales.<\/p>\n\n\n\n<p class=\"gb-text gb-text-bb5aa87a\">Esta privilegiada ubicaci\u00f3n nos brinda las condiciones clim\u00e1ticas perfectas para el cultivo de la vid, permiti\u00e9ndonos cosechar uvas de la m\u00e1s alta calidad<\/p>\n\n\n\n\n\n<p class=\"gb-text gb-text-a122e062\">Vin\u00edcola El Aguaje <\/p>\n<\/div>\n<\/div>\n","protected":false},"excerpt":{"rendered":"<p>En Vin\u00edcola El Aguaje cada botella cuenta una historia \u00fanica, desde la tierra donde crece la vid hasta el cuidado artesanal que dedicamos a cada cosecha. Sum\u00e9rgete en nuestra pasi\u00f3n por el vino y d\u00e9janos llevar tu paladar a un viaje inolvidable a trav\u00e9s de la excelencia enol\u00f3gica. Desde su inicio en 2012, Vin\u00edcola El [&hellip;]<\/p>\n","protected":false},"author":1,"featured_media":0,"parent":0,"menu_order":0,"comment_status":"closed","ping_status":"closed","template":"page-no-title","meta":{"_acf_changed":false,"footnotes":""},"class_list":["post-13","page","type-page","status-publish","hentry"],"acf":[],"_links":{"self":[{"href":"https:\/\/vinicolaelaguaje.directorio-comercial.com\/index.php?rest_route=\/wp\/v2\/pages\/13","targetHints":{"allow":["GET"]}}],"collection":[{"href":"https:\/\/vinicolaelaguaje.directorio-comercial.com\/index.php?rest_route=\/wp\/v2\/pages"}],"about":[{"href":"https:\/\/vinicolaelaguaje.directorio-comercial.com\/index.php?rest_route=\/wp\/v2\/types\/page"}],"author":[{"embeddable":true,"href":"https:\/\/vinicolaelaguaje.directorio-comercial.com\/index.php?rest_route=\/wp\/v2\/users\/1"}],"replies":[{"embeddable":true,"href":"https:\/\/vinicolaelaguaje.directorio-comercial.com\/index.php?rest_route=%2Fwp%2Fv2%2Fcomments&post=13"}],"version-history":[{"count":3,"href":"https:\/\/vinicolaelaguaje.directorio-comercial.com\/index.php?rest_route=\/wp\/v2\/pages\/13\/revisions"}],"predecessor-version":[{"id":161,"href":"https:\/\/vinicolaelaguaje.directorio-comercial.com\/index.php?rest_route=\/wp\/v2\/pages\/13\/revisions\/161"}],"wp:attachment":[{"href":"https:\/\/vinicolaelaguaje.directorio-comercial.com\/index.php?rest_route=%2Fwp%2Fv2%2Fmedia&parent=13"}],"curies":[{"name":"wp","href":"https:\/\/api.w.org\/{rel}","templated":true}]}}